1 + p. What is the highest common divisor of j and l?
9
Suppose -6 = 3*h - 33. Calculate the highest common factor of 9 and h.
9
Suppose -5*j + 2 - 32 = 0. Let p be 1/1 - j*1. Calculate the highest common divisor of 7 and p.
7
Let s(d) = d + 3. Suppose 7*b + 15 = 2*b, 0 = 5*n - b - 33. Let m be s(n). Suppose m*i - 4*i = 990. What is the greatest common factor of 18 and i?
18
Suppose 6 = -2*x + 3*x - 3*g, -4*x + 7 = 5*g. Calculate the highest common factor of 9 and x.
3
Let u = 0 + 4. Suppose -u*h - h + 80 = 0. What is the highest common divisor of 4 and h?
4
Suppose 2*w - 30 = -3*y, 28 = 2*y + 3*y - 4*w. Suppose 68 - 12 = 7*u. What is the greatest common factor of u and y?
8
Let s = 92 - 53. Let c = s - 11. Let n = 11 + -4. Calculate the highest common divisor of c and n.
7
Let k(s) = s + 5. Suppose -2*a + 3*a = 0. Let g be k(a). Let p be -6*((-75)/6)/g. What is the highest common factor of p and 60?
15
Let f(d) = -d**3 - d**2 + 3*d - 3. Let s be f(-3). Let h be (-9)/s - (-1)/2. Let k be h/4 + 9/4. Calculate the greatest common factor of 1 and k.
1
Suppose -5*q = -2*q + 54. Let z be 1/(-4) - q/8. Suppose -6*f + 3*f + 60 = j, -z*f + 124 = 2*j. What is the highest common divisor of j and 9?
9
Let v(s) = -8*s. Let f be v(1). Let p be (-2)/(-6)*0 - f. Let x be (64/(-6))/(3/(-9)). Calculate the highest common divisor of p and x.
8
Let t = 233 - 141. Calculate the highest common divisor of t and 23.
23
Let d be 48/26 - -1 - (-2)/13. Calculate the highest common factor of d and 12.
3
Suppose -4*l + 548 = -4*g, 3*l - 667 = -2*l - 4*g. Calculate the greatest common divisor of l and 15.
15
Suppose -5*t - g = -0*g - 31, 5*t + 2*g - 32 = 0. Calculate the greatest common factor of t and 18.
6
Let h(w) = -w**2 - 9*w - 1. Let y be h(-4). Suppose 2*d = 4*a - a + 38, -d + a + y = 0. What is the greatest common factor of d and 171?
19
Let k be 2 - 34*(-1)/(-2). Let h be k/(-4) + 2/8. Let q be (-6)/h*(-68)/6. Calculate the highest common factor of 17 and q.
17
Suppose -3*f + 121 = -41. Suppose -3*d + 3 = -f. What is the highest common divisor of 76 and d?
19
Let b(j) = j + 10. Let s be b(-11). Let v(c) = -10*c + 2. Let p be v(s). What is the greatest common divisor of p and 84?
12
Suppose 2*r = 3*r + 1. Let g be 1 + -3 - 22/r. Let v = 4 - 2. What is the highest common factor of v and g?
2
Suppose o + 2*i = -6, -2*i - 4 = 4*o - 2*o. Let v(c) = -c**3 - 6*c**2 - 6*c - 5. Let r be v(-5). Let t = o - r. Calculate the highest common divisor of 5 and t.
1
Suppose 45 = 5*z - z + 3*l, z - 2*l = 3. What is the highest common divisor of z and 9?
9
Let f(d) = 29*d - 4. Let r be f(4). Let s be (-3)/(3/11) + 3. Let x be s*(10/8 + -3). Calculate the highest common divisor of x and r.
14
Suppose 0 = -4*r - r + 70. Suppose 0 = 2*f - 10, -5*w = -3*w + 3*f - 155. Calculate the highest common factor of r and w.
14
Let r be 179 - ((4 - 3) + 3). What is the greatest common divisor of 25 and r?
25
Suppose x + 15 = 6*x. Suppose a - x*a = 0. Suppose 3*k + 0*k - 108 = a. Calculate the highest common factor of 9 and k.
9
Suppose -i - r + 24 = 2*r, 5*i - 4*r - 82 = 0. What is the highest common divisor of 9 and i?
9
Suppose -35 - 93 = -4*n. What is the highest common divisor of n and 352?
32
Suppose 2*c - 7*c + 450 = 0. What is the highest common divisor of c and 36?
18
Suppose p + 8 = -0. Let d = p + 43. Calculate the greatest common divisor of d and 5.
5
Let z = -2 + 4. Let b = -9 + 47. Suppose 0 = 5*y - z - b. Calculate the greatest common factor of y and 32.
8
Let l = -27 - -11. Let b = l + 29. Let u be ((-14)/(-6))/((-2)/(-78)). Calculate the greatest common divisor of b and u.
13
Suppose -5*p + 25 = -3*b, -p - 5*b + 5 = -0*b. Let q(y) = -2*y**2 - 8*y - 4. Let g be q(-3). Let j = p + g. Calculate the greatest common factor of j and 63.
7
Suppose -k = -24 - 42. Calculate the greatest common factor of k and 33.
33
Let t(l) = -2*l**2 - 3*l + 6. Let z be t(-5). Let v = -17 - z. What is the highest common factor of 4 and v?
4
Suppose -4*j + 4*g = 12, j - 2*g = -5 + 1. Let h = 7 + j. What is the greatest common divisor of h and 45?
5
Suppose 4*f - 15 - 13 = 0. Suppose 13 + 59 = 2*q - 4*b, -96 = -4*q - 4*b. Calculate the highest common factor of q and f.
7
Suppose -r = 3 - 5. Let q be -1 - (-39 + -2) - r. Let v be ((-4)/3 + 1)*-57. What is the greatest common divisor of q and v?
19
Suppose -4 = 2*m - 4*m. Suppose -5*y - 18 = -3*d + 2*d, d - 11 = -m*y. Calculate the highest common factor of 13 and d.
13
Suppose -a = x - 6*a - 40, 0 = -2*x + a + 98. What is the greatest common factor of 50 and x?
50
Let v = -9 - -19. What is the greatest common divisor of 80 and v?
10
Let q = 91 - 78. Calculate the greatest common divisor of q and 104.
13
Suppose -6*p - 6 = -822. Let y = 35 + -17. Suppose -q - 1 + y = 0. Calculate the greatest common factor of q and p.
17
Let s be 4/(-10) - (-112)/5. Suppose a + 4*u - 37 = 137, -4*a = -4*u - 596. What is the greatest common divisor of a and s?
22
Let g(n) = -28*n - 44. Let c(i) = 1. Let t(q) = 88*c(q) + 2*g(q). Let p be t(-2). What is the highest common factor of 14 and p?
14
Let w = -24 + 43. Let c = w - 3. Calculate the highest common divisor of c and 40.
8
Let k(j) = -2*j - 3. Let b be k(-3). Let m = -23 + 41. Calculate the highest common factor of m and b.
3
Let x(y) = -7*y - 77. Let h be x(-12). Calculate the greatest common divisor of 14 and h.
7
Suppose 0 = -2*w + 2*o + 10, w - 2*o - 10 = 4*w. Suppose 16 = -w*h + 2*h. Let a be h/6*(-3)/(-2). Calculate the highest common divisor of a and 5.
1
Suppose 19*f - 22*f + 45 = 0. Calculate the highest common divisor of f and 25.
5
Let i(a) = a**2 - 1. Suppose 4*q = 3*j - 11, 2*j - 4*j = -3*q - 9. Let y be i(j). What is the highest common divisor of y and 56?
8
Let g be (-3)/6*(-2 + -150). What is the highest common factor of 19 and g?
19
Let l = 14 + -1. Let d = 19 - l. Suppose -150 = -5*m + 120. Calculate the greatest common divisor of m and d.
6
Let m = -56 - -80. What is the highest common factor of 144 and m?
24
Suppose p + p = 4*f + 8, -5*p - 4 = -4*f. Let q = f - -24. Calculate the highest common factor of 4 and q.
4
Suppose 0 = -4*b + 632 + 80. Suppose 5*f = 2*h - 95, h + b = 5*h + 2*f. What is the greatest common divisor of 15 and h?
15
Suppose -14*w + 10*w + 980 = 0. Suppose -5*x = 5*o - w - 580, 657 = 4*o + 5*x. What is the greatest common factor of 21 and o?
21
Let o(g) = g**3 + 2*g**2 - 2*g + 3. Let x be o(2). Suppose -3 = -2*i - x. Let r be 5/(-2 - 15/i). What is the greatest common factor of 110 and r?
10
Let x = 19 - 15. Calculate the greatest common divisor of x and 16.
4
Let v = 99 + -203. Let w = v - -443. Let z = 479 - w. Calculate the highest common factor of z and 14.
14
Let o(g) = -g**2 - 13*g + 2. Let b be 3/(-6)*9*2. Let m be o(b). Let u be -1 + (0 + 58)*1. What is the highest common divisor of m and u?
19
Let h(q) = -q**3 + 9*q**2 - 4*q. Let d be h(8). What is the greatest common factor of d and 16?
16
Let y be (-42)/(-21)*6*1. What is the highest common divisor of y and 132?
12
Let h(p) = 7*p - 4. Let x be h(-6). Let z(d) = -41*d**2 + 4*d - 2. Let i be z(2). Let k = x - i. Calculate the highest common divisor of k and 14.
14
Let i(w) = -6*w - 3. Let v be i(-3). What is the highest common divisor of 45 and v?
15
Suppose 2*r - r + 5*w - 20 = 0, -105 = -4*r + 5*w. Calculate the highest common divisor of 175 and r.
25
Let h(z) = -z**3 + 6*z**2 + 7*z. Let m be h(7). Suppose 4*r + 0 - 12 = m. Let x be (10 + -8)/(r - 1). What is the greatest common factor of x and 8?
1
Suppose 5*h = 4*y - 65, 4*y - 48 = y + 4*h. Calculate the highest common factor of 50 and y.
10
Suppose 4*s + 4*m = -4, -s - 4*m - 2 = -1. Let n be (-4 - -3)/(s/15). Calculate the greatest common divisor of n and 15.
15
Let v be 68/2 + (-8 - -7). Calculate the greatest common factor of 3 and v.
3
Let k(l) = 2*l**3 + 19*l**2 - l + 8. Let j be k(-9). Calculate the highest common factor of j and 14.
14
Suppose -j - 3*j - 236 = -2*d, -4*d = 2*j - 482. What is the greatest common divisor of d and 15?
15
Let c = 65 + -51. Calculate the greatest common factor of c and 105.
7
Let p(w) = 43*w**2 - 2*w. Let k be p(1). Let y = 76 - k. Let t = -7 - -14. Calculate the highest common factor of t and y.
7
Suppose -2*j = -5*j + 9. Suppose 